{"id":15,"date":"2026-02-26T18:48:21","date_gmt":"2026-02-26T18:48:21","guid":{"rendered":"http:\/\/muhaqdz.cluster121.hosting.ovh.net\/?page_id=15"},"modified":"2026-03-02T22:24:02","modified_gmt":"2026-03-02T22:24:02","slug":"transoptima-sp-z-oo-transport-krajowy-i-miedzynarodowy","status":"publish","type":"page","link":"http:\/\/transoptima.pl\/index.php\/transoptima-sp-z-oo-transport-krajowy-i-miedzynarodowy\/","title":{"rendered":"TransOptima Sp. z o.o. Transport Krajowy I Mi\u0119dzynarodowy"},"content":{"rendered":"\n<h2 class=\"wp-block-heading\">Profesjonalny transport na terenie UE<\/h2>\n\n\n\n<p>TransOptima Sp. z o.o. \u015bwiadczy kompleksowe us\u0142ugi transportu drogowego dla firm na terenie Polski i Unii Europejskiej. Terminowo\u015b\u0107, bezpiecze\u0144stwo i sta\u0142y kontakt z klientem.<\/p>\n\n\n\n<h2 class=\"wp-block-heading\">Nasze Us\u0142ugi transportowe<\/h2>\n\n\n\n<ul class=\"wp-block-list\">\n<li>Transport ca\u0142opojazdowy (FTL)<\/li>\n\n\n\n<li>Transport ekspresowy 24 h<\/li>\n\n\n\n<li>Sta\u0142a wsp\u00f3\u0142praca dla firm<\/li>\n\n\n\n<li>Transport wywrotki <\/li>\n\n\n\n<li>Transport firanki<\/li>\n\n\n\n<li>Transport cz\u0119\u015bciowy (LTL)<\/li>\n\n\n\n<li>Doradztwo transportowe i rozliczanie czasu pracy kierowc\u00f3w.<\/li>\n<\/ul>\n\n\n\n<h2 class=\"wp-block-heading\">Dlaczego TransOptima<\/h2>\n\n\n\n<ul class=\"wp-block-list\">\n<li>Terminowo\u015b\u0107 dostaw<\/li>\n\n\n\n<li>Nowoczesna flota pojazd\u00f3w<\/li>\n\n\n\n<li>Monitoring GPS<\/li>\n\n\n\n<li>Sta\u0142y kontakt z kierowc\u0105<\/li>\n\n\n\n<li>Do\u015bwiadczenie w transporcie<\/li>\n<\/ul>\n\n\n\n<h2 class=\"wp-block-heading\">Szybka wycena transportu<\/h2>\n\n\n\n<p>Skontaktuj si\u0119 z nami, aby otrzyma\u0107 indywidualn\u0105 wycen\u0119 transportu.<\/p>\n\n\n\n<p>Telefon: + 48 539 765 241<\/p>\n\n\n\n<p>E-mail: biuro@transoptima.pl<\/p>\n","protected":false},"excerpt":{"rendered":"<p>Profesjonalny transport na terenie UE TransOptima Sp. z o.o. \u015bwiadczy kompleksowe us\u0142ugi transportu drogowego dla firm na terenie Polski i Unii Europejskiej. Terminowo\u015b\u0107, bezpiecze\u0144stwo i sta\u0142y kontakt z klientem. Nasze Us\u0142ugi transportowe Dlaczego TransOptima Szybka wycena transportu Skontaktuj si\u0119 z nami, aby otrzyma\u0107 indywidualn\u0105 wycen\u0119 transportu. Telefon: + 48 539 765 241 E-mail: biuro@transoptima.pl<\/p>\n","protected":false},"author":1,"featured_media":9,"parent":0,"menu_order":0,"comment_status":"closed","ping_status":"closed","template":"","meta":{"footnotes":""},"class_list":["post-15","page","type-page","status-publish","has-post-thumbnail","hentry"],"_links":{"self":[{"href":"http:\/\/transoptima.pl\/index.php\/wp-json\/wp\/v2\/pages\/15","targetHints":{"allow":["GET"]}}],"collection":[{"href":"http:\/\/transoptima.pl\/index.php\/wp-json\/wp\/v2\/pages"}],"about":[{"href":"http:\/\/transoptima.pl\/index.php\/wp-json\/wp\/v2\/types\/page"}],"author":[{"embeddable":true,"href":"http:\/\/transoptima.pl\/index.php\/wp-json\/wp\/v2\/users\/1"}],"replies":[{"embeddable":true,"href":"http:\/\/transoptima.pl\/index.php\/wp-json\/wp\/v2\/comments?post=15"}],"version-history":[{"count":8,"href":"http:\/\/transoptima.pl\/index.php\/wp-json\/wp\/v2\/pages\/15\/revisions"}],"predecessor-version":[{"id":137,"href":"http:\/\/transoptima.pl\/index.php\/wp-json\/wp\/v2\/pages\/15\/revisions\/137"}],"wp:featuredmedia":[{"embeddable":true,"href":"http:\/\/transoptima.pl\/index.php\/wp-json\/wp\/v2\/media\/9"}],"wp:attachment":[{"href":"http:\/\/transoptima.pl\/index.php\/wp-json\/wp\/v2\/media?parent=15"}],"curies":[{"name":"wp","href":"https:\/\/api.w.org\/{rel}","templated":true}]}}